
What are the prime factors of 25821262?
2, 2531, 5101
What are the prime factors of 8123449?
8123449
List the prime factors of 7866139.
7866139
What are the prime factors of 2342459394?
2, 3, 11, 11830603
What are the prime factors of 140184242?
2, 11, 19, 929
List the prime factors of 53054232.
2, 3, 7, 11, 19, 1511
What are the prime factors of 90948437?
29, 73, 42961
What are the prime factors of 1500336174?
2, 3, 250056029
What are the prime factors of 10557763?
31, 340573
List the prime factors of 68875320.
2, 3, 5, 89, 6449
What are the prime factors of 232524774?
2, 3, 19, 679897
List the prime factors of 84256531.
84256531
What are the prime factors of 243534791?
31, 1049, 7489
What are the prime factors of 100676580?
2, 3, 5, 71, 23633
List the prime factors of 171118065.
3, 5, 11407871
List the prime factors of 65408009.
65408009
What are the prime factors of 465246508?
2, 53, 643, 3413
List the prime factors of 2028115252.
2, 19, 23, 281, 4129
List the prime factors of 1460341689.
3, 486780563
List the prime factors of 2231466435.
3, 5, 11, 59, 25469
List the prime factors of 66390165.
3, 5, 599, 821
List the prime factors of 15720188.
2, 11, 61, 5857
What are the prime factors of 849910294?
2, 199, 2135453
What are the prime factors of 468238724?
2, 6151, 19031
List the prime factors of 97344486.
2, 3, 19, 284633
List the prime factors of 246705238.
2, 13, 9488663
List the prime factors of 2603713785.
3, 5, 193, 701, 1283
What are the prime factors of 4578306422?
2, 2377, 963043
What are the prime factors of 276049512?
2, 3, 1278007
What are the prime factors of 19864534?
2, 17, 677, 863
What are the prime factors of 443441421?
3, 257, 191717
What are the prime factors of 151611800?
2, 5, 53, 14303
What are the prime factors of 1033397282?
2, 239, 2161919
List the prime factors of 576902379.
3, 467, 411779
List the prime factors of 1865084287.
11, 169553117
What are the prime factors of 30791462?
2, 13, 91099
List the prime factors of 59385739.
7, 31, 211, 1297
List the prime factors of 1203871663.
191, 6302993
What are the prime factors of 48900364?
2, 17, 73, 9851
What are the prime factors of 12353331?
3, 4117777
List the prime factors of 330541766.
2, 165270883
List the prime factors of 182411222.
2, 7, 1861339
What are the prime factors of 1833477594?
2, 3, 13, 23506123
List the prime factors of 1934408908.
2, 383, 1262669
What are the prime factors of 85521668?
2, 43, 157, 3167
List the prime factors of 1025909272.
2, 128238659
List the prime factors of 2623924564.
2, 71, 9239171
What are the prime factors of 205082305?
5, 17, 37, 61, 1069
What are the prime factors of 1161488825?
5, 7, 2441, 2719
What are the prime factors of 2489827194?
2, 3, 43, 83, 12919
List the prime factors of 4728802353.
3, 11, 37, 3872893
List the prime factors of 37478538.
2, 3, 231349
List the prime factors of 2777086325.
5, 13, 479, 17839
What are the prime factors of 81053967?
3, 27017989
List the prime factors of 1756869327.
3, 10069, 19387
What are the prime factors of 4833736828?
2, 17321, 69767
List the prime factors of 67233558.
2, 3, 7, 829, 1931
List the prime factors of 72859022.
2, 36429511
What are the prime factors of 32992723?
113, 291971
What are the prime factors of 4587582849?
3, 953, 1604611
What are the prime factors of 26722819?
61, 281, 1559
What are the prime factors of 55294084?
2, 239, 57839
What are the prime factors of 2321683107?
3, 773894369
What are the prime factors of 141046972?
2, 11, 107, 29959
What are the prime factors of 5511803250?
2, 3, 5, 7349071
List the prime factors of 585160319.
23, 25441753
List the prime factors of 513033620.
2, 5, 11, 227, 10273
List the prime factors of 3502848084.
2, 3, 291904007
List the prime factors of 618562157.
19, 67, 485909
List the prime factors of 39095540.
2, 5, 11, 19, 47, 199
What are the prime factors of 1817713478?
2, 7, 129836677
List the prime factors of 28687369.
31, 925399
List the prime factors of 1300640751.
3, 10663, 13553
What are the prime factors of 40930549?
11, 338269
List the prime factors of 619377189.
3, 23, 139, 64579
List the prime factors of 4109370863.
13, 19, 2579, 6451
List the prime factors of 85105990.
2, 5, 2459, 3461
List the prime factors of 146262188.
2, 36565547
What are the prime factors of 55934383?
55934383
List the prime factors of 94216527.
3, 1163167
List the prime factors of 343371163.
23, 223, 66947
List the prime factors of 2805511192.
2, 11, 31880809
What are the prime factors of 1236745827?
3, 47, 108287
What are the prime factors of 743942040?
2, 3, 5, 6199517
What are the prime factors of 126011207?
7, 18001601
What are the prime factors of 1393122731?
7, 11, 13, 19, 6659
What are the prime factors of 231647329?
23, 10071623
List the prime factors of 534684590.
2, 5, 11, 31, 156799
List the prime factors of 44634344.
2, 19, 43, 6829
What are the prime factors of 266116827?
3, 17, 223, 23399
What are the prime factors of 2195682083?
7, 37, 83, 102139
List the prime factors of 5516398502.
2, 29, 67, 1419557
What are the prime factors of 5696877937?
113, 2083, 24203
What are the prime factors of 2929600925?
5, 117184037
What are the prime factors of 53569299?
3, 7, 364417
List the prime factors of 1038239890.
2, 5, 103823989
List the prime factors of 12869792.
2, 13, 30937
List the prime factors of 289028570.
2, 5, 19, 167, 9109
What are the prime factors of 101448799?
7027, 14437
List the prime factors of 8218388141.
8218388141
List the prime factors of 218878358.
2, 109439179
What are the prime factors of 58268452?
2, 11, 17, 77899
List the prime factors of 57311284.
2, 17, 842813
List the prime factors of 156078508.
2, 2777, 14051
List the prime factors of 243989007.
3, 81329669
List the prime factors of 310917739.
11, 28265249
What are the prime factors of 824112898?
2, 7, 907, 64901
List the prime factors of 413436432.
2, 3, 2081, 4139
List the prime factors of 60997092.
2, 3, 13, 29, 97, 139
What are the prime factors of 38854370?
2, 5, 43, 90359
What are the prime factors of 4107584459?
11, 3086089
What are the prime factors of 208059891?
3, 13, 29, 71, 2591
List the prime factors of 116702875.
5, 17, 54919
What are the prime factors of 4208221?
4208221
What are the prime factors of 6741343055?
5, 571, 2361241
List the prime factors of 332355172.
2, 83088793
List the prime factors of 1365486921.
3, 151720769
What are the prime factors of 6570873733?
41, 197, 813529
What are the prime factors of 58522338?
2, 3, 7, 51607
List the prime factors of 3874478266.
2, 223, 8687171
List the prime factors of 98284802.
2, 7, 11, 37, 47, 367
List the prime factors of 844088572.
2, 211022143
List the prime factors of 788982473.
9817, 80369
What are the prime factors of 39882297?
3, 7, 13, 139, 1051
What are the prime factors of 166013152?
2, 5187911
What are the prime factors of 407795656?
2, 50974457
List the prime factors of 162043600.
2, 5, 137, 2957
List the prime factors of 2855127358.
2, 193, 733, 10091
What are the prime factors of 31903337?
19, 1679123
What are the prime factors of 94490287?
19, 149, 33377
List the prime factors of 877521627.
3, 32500801
List the prime factors of 161063322.
2, 3, 7, 3834841
What are the prime factors of 1219303451?
73, 16702787
List the prime factors of 33669585.
3, 5, 23, 32531
List the prime factors of 196253342.
2, 23, 4266377
List the prime factors of 216811336.
2, 7, 17, 227743
List the prime factors of 2315251535.
5, 1657, 279451
List the prime factors of 208480624.
2, 11, 1184549
List the prime factors of 733669505.
5, 146733901
What are the prime factors of 3262402221?
3, 13, 17, 37, 7823
What are the prime factors of 4757544711?
3, 2503, 211193
List the prime factors of 53228999.
53228999
What are the prime factors of 17211479?
31, 555209
What are the prime factors of 537589396?
2, 23, 5843363
What are the prime factors of 241036103?
7, 11, 53, 59063
What are the prime factors of 294848062?
2, 147424031
What are the prime factors of 104838613?
11, 2749, 3467
What are the prime factors of 15204678?
2, 3, 941, 2693
List the prime factors of 196760756.
2, 181, 271769
What are the prime factors of 57966026?
2, 23, 1260131
List the prime factors of 151621495.
5, 83, 283, 1291
List the prim